 -24ad310?
24ad311
In base 14, what is -5679 + -47?
-56c2
In base 3, what is 221200 - -100202200?
101201100
In base 8, what is -11567545 + -624?
-11570371
In base 10, what is 5 - 8332724?
-8332719
In base 14, what is -241356 - d1?
-241447
In base 7, what is -400 - -656310?
655610
In base 11, what is 5aa8 + -3072?
2a36
In base 11, what is 7 + -163a7085?
-163a7079
In base 2, what is -10010001001010 - -100100011111111?
10010010110101
In base 10, what is 0 - 148491722?
-148491722
In base 7, what is -3531466430 + 5?
-3531466422
In base 12, what is -11 + -6518576?
-6518587
In base 15, what is 26e34e4 - 2?
26e34e2
In base 11, what is -6 + -6a58303a?
-6a583045
In base 12, what is 957 - -b268?
10003
In base 2, what is 10001001001 - 10001010?
1110111111
In base 16, what is 0 + -5a3e8?
-5a3e8
In base 15, what is 48 + 8d5ebd?
8d6016
In base 11, what is 19291 - 1119a?
80a2
In base 12, what is -456658 + 68?
-4565b0
In base 2, what is -101000010 - -110110100000100?
110101111000010
In base 10, what is -90663180 - -3?
-90663177
In base 11, what is 4458469 + -2?
4458467
In base 3, what is 2011120202001110 + -1?
2011120202001102
In base 11, what is -18172 - 921?
-18a93
In base 4, what is -122222011212212 + 0?
-122222011212212
In base 10, what is 7114311 - 12?
7114299
In base 14, what is -4484a3 + -3?
-4484a6
In base 4, what is 301022113 - -120?
301022233
In base 15, what is -18e - -32043?
31da4
In base 3, what is -220220101 - -10022?
-220210002
In base 6, what is -125555535455 + -4?
-125555535503
In base 6, what is 135444355 - 3?
135444352
In base 16, what is 1 + 23ea46?
23ea47
In base 6, what is -25 + -45411304?
-45411333
In base 10, what is -4 + -56862327?
-56862331
In base 2, what is 110110 + 1110101101111011100?
1110101110000010010
In base 14, what is 39 - -cba7?
cc02
In base 16, what is -11a93 - c0?
-11b53
In base 6, what is 40 - -5502340?
5502420
In base 3, what is 12211011010 - 200021?
12210110212
In base 14, what is -16 - -459713?
4596db
In base 10, what is -2463 - 132?
-2595
In base 2, what is -101 + -100000001101011100000011?
-100000001101011100001000
In base 5, what is -2003410 + -12001?
-2020411
In base 14, what is -225 - 9cd77?
-9d19c
In base 15, what is 6dcb + -1b6?
6c15
In base 10, what is -27870 - 367?
-28237
In base 10, what is 6683 + -44?
6639
In base 6, what is 212120 - 205?
211511
In base 12, what is -795068 - -131?
-794b37
In base 7, what is -2235 - 42556?
-45124
In base 7, what is -22451362434 - 4?
-22451362441
In base 7, what is -213542 - 16?
-213561
In base 4, what is 213220122 - 3?
213220113
In base 2, what is 0 - 10111011001111011101101?
-10111011001111011101101
In base 14, what is 27d39bd - -2?
27d39c1
In base 15, what is -108461 - 3d?
-10849e
In base 15, what is d9e3a + -526?
d9914
In base 11, what is -aa + -1a12878?
-1a12977
In base 10, what is 7 - 10196878?
-10196871
In base 8, what is -1210114 + -3620?
-1213734
In base 5, what is -221344322 + -114?
-221344441
In base 6, what is -201 - 3551433?
-3552034
In base 8, what is -65 - -3471215?
3471130
In base 12, what is -2a8ba389 + -5?
-2a8ba392
In base 2, what is 100010110000101101 + -10101000?
100010101110000101
In base 11, what is -113785a - 5?
-1137864
In base 15, what is 5 - -275c81?
275c86
In base 4, what is -31321322 + -11112?
-31333100
In base 2, what is -110011101 + 110100000101110110?
110011111111011001
In base 9, what is -22 + -103327?
-103350
In base 2, what is 10111111111010011010 - -11010000?
10111111111101101010
In base 9, what is -34281872 + -3?
-34281875
In base 5, what is -34 + -12423123?
-12423212
In base 5, what is 222312211 + 420?
222313131
In base 7, what is -1 - 6161266?
-6161300
In base 2, what is 101011010111 - -101111000100000000?
101111101111010111
In base 15, what is -636e - 36b?
-66da
In base 9, what is -15772 - -1455?
-14316
In base 5, what is -3110224 - 12?
-3110241
In base 11, what is 107a4 + -1070?
a734
In base 13, what is -6 + 266807?
266801
In base 2, what is 110001011 - -100011001101111?
100011111111010
In base 9, what is 30 + -85?
-55
In base 16, what is -13f0 + 19209?
17e19
In base 5, what is -1244432221102 - -4?
-1244432221043
In base 8, what is 11250 - 16175?
-4725
In base 3, what is 1120212202 - -1010?
1120220212
In base 14, what is -1c343 + -11?
-1c354
In base 3, what is 10220 + -1222011120?
-1222000200
In base 13, what is 5 + a24313?
a24318
In base 13, what is -117 + -3a765?
-3a87c
In base 16, what is 6d74 + 327?
709b
In base 7, what is 2253 - 161221?
-155635
In base 13, what is 14b41 + 1795?
16606
In base 13, what is -126117 + 34?
-1260b3
In base 16, what is 3f980 + 10e?
3fa8e
In base 15, what is 3388a87 - 2?
3388a85
In base 15, what is 16 + -2858b0?
-285899
In base 15, what is -93e8 + -20?
-9418
In base 5, what is 1332 - -1120112?
1121444
In base 10, what is 1569317 - -11?
1569328
In base 2, what is 1110100011101110011101110 - 10?
1110100011101110011101100
In base 5, what is 24 + -3410322143?
-3410322114
In base 13, what is -69 + -659c9a?
-65a036
In base 2, what is -10110000101100 + -11010111?
-10110100000011
In base 11, what is -2 + 2361017?
2361015
In base 12, what is -361 + -7776a?
-77b0b
In base 7, what is 142615 - -4316?
150234
In base 3, what is -111002210001220 - 2222?
-111002210011212
In base 4, what is -22130 - 12012032232?
-12012121022
In base 16, what is 38 - -ee0e6?
ee11e
In base 7, what is -4143520 + 60?
-4143430
In base 11, what is 10315 + 570?
10885
In base 14, what is 48 + -58c3c?
-58bd4
In base 2, what is 1 - 1000001001000010011101000?
-1000001001000010011100111
In base 2, what is -10101001 - 101011101001011100110?
-101011101001110001111
In base 11, what is 6a218407 + -5?
6a218402
In base 16, what is -135e5f - -174?
-135ceb
In base 4, what is -3232021132 + 13002?
-3232002130
In base 5, what is 213134022 + -124?
213133343
In base 12, what is 18b87 - 39a4?
151a3
In base 12, what is 3 + 375804?
375807
In base 3, what is -1120121 - -122012?
-221102
In base 14, what is 51629 + -2c3?
51346
In base 14, what is 318823 + 6?
318829
In base 10, what is 2068482 + -18?
2068464
In base 12, what is 1 + -8341731?
-8341730
In base 11, what is -1303a5 + 2160?
-129245
In base 2, what is -1110011001111001 + 100000010100?
-1101111001100101
In base 6, what is -5443252 - 3142?
-5450434
In base 13, what is c37 - 1425?
-4bb
In base 9, what is 314 + 57257?
57572
In base 15, what is -7526 + -ddea?
-16421
In base 12, what is -31236 - -14b4?
-2b942
In base 13, what is -1ca96920 - 0?
-1ca96920
In base 11, what is 163a758 - -2?
163a75a
In base 11, what is 1a4 - -4a6197?
4a6390
In base 9, what is 131434481 + -12?
131434468
In base 7, what is 41002421 - 2?
41002416
In base 8, what is -67 + -2540422?
-2540511
In base 2, what is -1010011111100100101 - -11110001?
-1010011111000110100
In base 16, what is 5 + a4184e2?
a4184e7
In base 12, what is -92216 + -5?
-9221b
In base 9, what is 43048244 - -3?
43048247
In base 4, what is 3 + 13031202322?
13031202331
In base 7, what is 3 - 13654133?
-13654130
In base 14, what is 5892d76c - 5?
5892d767
In base 2, what is 100010010011101101111110000 + 11?
100010010011101101111110011
In base 5, what is 1 - 312240440040?
-312240440034
In base 3, what is 120120 - -11201112?
12022002
In base 7, what is 266 - -331323?
331622
In base 15, what is -bd8a1 + 12?
-bd88e
In base 3, what is -1221221102100 + 20201?
-1221221011122
In base 7, what is -234105 + -342?
-234450
In base 10, what is -488946 - 1?
-488947
In base 7, what is -35566 + 2030?
-33536
In base 7, what is -130 - -300012?
266552
In base 13, what is -3 + 83906c?
839069
In base 2, what is -110100101001110000110 + -111111?
-110100101001111000101
In base 7, what is -2 - -214500056?
214500054
In base 11, what is 202 - 1422?
-1220
In base 6, what is 4 + -40200345?
-40200341
In base 9, what is 15 + 524218?
524234
In base 5, what is 412220413 + 0?
412220413
In base 16, what is -65 + -a58da?
-a593f
In base 5, what is 230032134424 + 10?
230032134434
In base 4, what is -1 - -2323200022202?
2323200022201
In base 11, what is 123090 + 4?
123094
In base 3, what is -1100 - -1001121201222?
1001121200122
In base 12, what is -102a1 - 663?
-10944
In base 15, what is 2d - -4d213?
4d241
In base 13, what is 11 - -c71b3b?
c71b4c
In base 5, what is -44224231 - -31?
-44224200
In base 5, what is 330